{"id":53,"date":"2026-03-28T01:21:21","date_gmt":"2026-03-28T00:21:21","guid":{"rendered":"https:\/\/snkrstore.shop\/jhon\/?post_type=product&#038;p=53"},"modified":"2026-04-11T19:43:08","modified_gmt":"2026-04-11T17:43:08","slug":"nike-cortez-low-premium","status":"publish","type":"product","link":"https:\/\/snkrstore.shop\/jhon\/producto\/nike-cortez-low-premium\/","title":{"rendered":"Nike Cortez Low Premium"},"content":{"rendered":"","protected":false},"excerpt":{"rendered":"<p>Descubre el estilo atemporal de las Nike Cortez Low Premium en blanco y negro. Con su dise\u00f1o cl\u00e1sico y elegante, estas zapatillas no solo ofrecen comodidad, sino que tambi\u00e9n realzan cualquier outfit. La combinaci\u00f3n de materiales de alta calidad asegura durabilidad, mientras que la suela de goma proporciona un agarre excepcional. Perfectas para un look casual o para darle un toque deportivo a tu d\u00eda a d\u00eda, \u00a1no te quedes sin las tuyas!<\/p>\n","protected":false},"featured_media":54,"comment_status":"open","ping_status":"closed","template":"","meta":{"_joinchat":[]},"product_brand":[],"product_cat":[17],"product_tag":[],"class_list":{"0":"post-53","1":"product","2":"type-product","3":"status-publish","4":"has-post-thumbnail","6":"product_cat-urbano","8":"first","9":"instock","10":"shipping-taxable","11":"purchasable","12":"product-type-simple"},"yoast_head":"<!-- This site is optimized with the Yoast SEO plugin v27.5 - https:\/\/yoast.com\/product\/yoast-seo-wordpress\/ -->\n<title>Nike Cortez Low Premium - SNKR Store<\/title>\n<meta name=\"robots\" content=\"index, follow, max-snippet:-1, max-image-preview:large, max-video-preview:-1\" \/>\n<link rel=\"canonical\" href=\"https:\/\/snkrstore.shop\/jhon\/producto\/nike-cortez-low-premium\/\" \/>\n<meta property=\"og:locale\" content=\"es_ES\" \/>\n<meta property=\"og:type\" content=\"article\" \/>\n<meta property=\"og:title\" content=\"Nike Cortez Low Premium - SNKR Store\" \/>\n<meta property=\"og:description\" content=\"Descubre el estilo atemporal de las Nike Cortez Low Premium en blanco y negro. Con su dise\u00f1o cl\u00e1sico y elegante, estas zapatillas no solo ofrecen comodidad, sino que tambi\u00e9n realzan cualquier outfit. La combinaci\u00f3n de materiales de alta calidad asegura durabilidad, mientras que la suela de goma proporciona un agarre excepcional. Perfectas para un look casual o para darle un toque deportivo a tu d\u00eda a d\u00eda, \u00a1no te quedes sin las tuyas!\" \/>\n<meta property=\"og:url\" content=\"https:\/\/snkrstore.shop\/jhon\/producto\/nike-cortez-low-premium\/\" \/>\n<meta property=\"og:site_name\" content=\"SNKR Store\" \/>\n<meta property=\"article:modified_time\" content=\"2026-04-11T17:43:08+00:00\" \/>\n<meta property=\"og:image\" content=\"https:\/\/snkrstore.shop\/jhon\/wp-content\/uploads\/2026\/03\/810043-1200-auto.webp\" \/>\n\t<meta property=\"og:image:width\" content=\"1000\" \/>\n\t<meta property=\"og:image:height\" content=\"1000\" \/>\n\t<meta property=\"og:image:type\" content=\"image\/webp\" \/>\n<meta name=\"twitter:card\" content=\"summary_large_image\" \/>\n<script type=\"application\/ld+json\" class=\"yoast-schema-graph\">{\"@context\":\"https:\\\/\\\/schema.org\",\"@graph\":[{\"@type\":\"WebPage\",\"@id\":\"https:\\\/\\\/snkrstore.shop\\\/jhon\\\/producto\\\/nike-cortez-low-premium\\\/\",\"url\":\"https:\\\/\\\/snkrstore.shop\\\/jhon\\\/producto\\\/nike-cortez-low-premium\\\/\",\"name\":\"Nike Cortez Low Premium - SNKR Store\",\"isPartOf\":{\"@id\":\"https:\\\/\\\/snkrstore.shop\\\/jhon\\\/#website\"},\"primaryImageOfPage\":{\"@id\":\"https:\\\/\\\/snkrstore.shop\\\/jhon\\\/producto\\\/nike-cortez-low-premium\\\/#primaryimage\"},\"image\":{\"@id\":\"https:\\\/\\\/snkrstore.shop\\\/jhon\\\/producto\\\/nike-cortez-low-premium\\\/#primaryimage\"},\"thumbnailUrl\":\"https:\\\/\\\/snkrstore.shop\\\/jhon\\\/wp-content\\\/uploads\\\/2026\\\/03\\\/810043-1200-auto.webp\",\"datePublished\":\"2026-03-28T00:21:21+00:00\",\"dateModified\":\"2026-04-11T17:43:08+00:00\",\"breadcrumb\":{\"@id\":\"https:\\\/\\\/snkrstore.shop\\\/jhon\\\/producto\\\/nike-cortez-low-premium\\\/#breadcrumb\"},\"inLanguage\":\"es\",\"potentialAction\":[{\"@type\":\"ReadAction\",\"target\":[\"https:\\\/\\\/snkrstore.shop\\\/jhon\\\/producto\\\/nike-cortez-low-premium\\\/\"]}]},{\"@type\":\"ImageObject\",\"inLanguage\":\"es\",\"@id\":\"https:\\\/\\\/snkrstore.shop\\\/jhon\\\/producto\\\/nike-cortez-low-premium\\\/#primaryimage\",\"url\":\"https:\\\/\\\/snkrstore.shop\\\/jhon\\\/wp-content\\\/uploads\\\/2026\\\/03\\\/810043-1200-auto.webp\",\"contentUrl\":\"https:\\\/\\\/snkrstore.shop\\\/jhon\\\/wp-content\\\/uploads\\\/2026\\\/03\\\/810043-1200-auto.webp\",\"width\":1000,\"height\":1000,\"caption\":\"Nike Cortez Low Premium Principal\"},{\"@type\":\"BreadcrumbList\",\"@id\":\"https:\\\/\\\/snkrstore.shop\\\/jhon\\\/producto\\\/nike-cortez-low-premium\\\/#breadcrumb\",\"itemListElement\":[{\"@type\":\"ListItem\",\"position\":1,\"name\":\"Portada\",\"item\":\"https:\\\/\\\/snkrstore.shop\\\/jhon\\\/\"},{\"@type\":\"ListItem\",\"position\":2,\"name\":\"Tienda\",\"item\":\"https:\\\/\\\/snkrstore.shop\\\/jhon\\\/tienda\\\/\"},{\"@type\":\"ListItem\",\"position\":3,\"name\":\"Nike Cortez Low Premium\"}]},{\"@type\":\"WebSite\",\"@id\":\"https:\\\/\\\/snkrstore.shop\\\/jhon\\\/#website\",\"url\":\"https:\\\/\\\/snkrstore.shop\\\/jhon\\\/\",\"name\":\"SNKR Store\",\"description\":\"\",\"potentialAction\":[{\"@type\":\"SearchAction\",\"target\":{\"@type\":\"EntryPoint\",\"urlTemplate\":\"https:\\\/\\\/snkrstore.shop\\\/jhon\\\/?s={search_term_string}\"},\"query-input\":{\"@type\":\"PropertyValueSpecification\",\"valueRequired\":true,\"valueName\":\"search_term_string\"}}],\"inLanguage\":\"es\"}]}<\/script>\n<!-- \/ Yoast SEO plugin. -->","yoast_head_json":{"title":"Nike Cortez Low Premium - SNKR Store","robots":{"index":"index","follow":"follow","max-snippet":"max-snippet:-1","max-image-preview":"max-image-preview:large","max-video-preview":"max-video-preview:-1"},"canonical":"https:\/\/snkrstore.shop\/jhon\/producto\/nike-cortez-low-premium\/","og_locale":"es_ES","og_type":"article","og_title":"Nike Cortez Low Premium - SNKR Store","og_description":"Descubre el estilo atemporal de las Nike Cortez Low Premium en blanco y negro. Con su dise\u00f1o cl\u00e1sico y elegante, estas zapatillas no solo ofrecen comodidad, sino que tambi\u00e9n realzan cualquier outfit. La combinaci\u00f3n de materiales de alta calidad asegura durabilidad, mientras que la suela de goma proporciona un agarre excepcional. Perfectas para un look casual o para darle un toque deportivo a tu d\u00eda a d\u00eda, \u00a1no te quedes sin las tuyas!","og_url":"https:\/\/snkrstore.shop\/jhon\/producto\/nike-cortez-low-premium\/","og_site_name":"SNKR Store","article_modified_time":"2026-04-11T17:43:08+00:00","og_image":[{"width":1000,"height":1000,"url":"https:\/\/snkrstore.shop\/jhon\/wp-content\/uploads\/2026\/03\/810043-1200-auto.webp","type":"image\/webp"}],"twitter_card":"summary_large_image","schema":{"@context":"https:\/\/schema.org","@graph":[{"@type":"WebPage","@id":"https:\/\/snkrstore.shop\/jhon\/producto\/nike-cortez-low-premium\/","url":"https:\/\/snkrstore.shop\/jhon\/producto\/nike-cortez-low-premium\/","name":"Nike Cortez Low Premium - SNKR Store","isPartOf":{"@id":"https:\/\/snkrstore.shop\/jhon\/#website"},"primaryImageOfPage":{"@id":"https:\/\/snkrstore.shop\/jhon\/producto\/nike-cortez-low-premium\/#primaryimage"},"image":{"@id":"https:\/\/snkrstore.shop\/jhon\/producto\/nike-cortez-low-premium\/#primaryimage"},"thumbnailUrl":"https:\/\/snkrstore.shop\/jhon\/wp-content\/uploads\/2026\/03\/810043-1200-auto.webp","datePublished":"2026-03-28T00:21:21+00:00","dateModified":"2026-04-11T17:43:08+00:00","breadcrumb":{"@id":"https:\/\/snkrstore.shop\/jhon\/producto\/nike-cortez-low-premium\/#breadcrumb"},"inLanguage":"es","potentialAction":[{"@type":"ReadAction","target":["https:\/\/snkrstore.shop\/jhon\/producto\/nike-cortez-low-premium\/"]}]},{"@type":"ImageObject","inLanguage":"es","@id":"https:\/\/snkrstore.shop\/jhon\/producto\/nike-cortez-low-premium\/#primaryimage","url":"https:\/\/snkrstore.shop\/jhon\/wp-content\/uploads\/2026\/03\/810043-1200-auto.webp","contentUrl":"https:\/\/snkrstore.shop\/jhon\/wp-content\/uploads\/2026\/03\/810043-1200-auto.webp","width":1000,"height":1000,"caption":"Nike Cortez Low Premium Principal"},{"@type":"BreadcrumbList","@id":"https:\/\/snkrstore.shop\/jhon\/producto\/nike-cortez-low-premium\/#breadcrumb","itemListElement":[{"@type":"ListItem","position":1,"name":"Portada","item":"https:\/\/snkrstore.shop\/jhon\/"},{"@type":"ListItem","position":2,"name":"Tienda","item":"https:\/\/snkrstore.shop\/jhon\/tienda\/"},{"@type":"ListItem","position":3,"name":"Nike Cortez Low Premium"}]},{"@type":"WebSite","@id":"https:\/\/snkrstore.shop\/jhon\/#website","url":"https:\/\/snkrstore.shop\/jhon\/","name":"SNKR Store","description":"","potentialAction":[{"@type":"SearchAction","target":{"@type":"EntryPoint","urlTemplate":"https:\/\/snkrstore.shop\/jhon\/?s={search_term_string}"},"query-input":{"@type":"PropertyValueSpecification","valueRequired":true,"valueName":"search_term_string"}}],"inLanguage":"es"}]}},"_links":{"self":[{"href":"https:\/\/snkrstore.shop\/jhon\/wp-json\/wp\/v2\/product\/53","targetHints":{"allow":["GET"]}}],"collection":[{"href":"https:\/\/snkrstore.shop\/jhon\/wp-json\/wp\/v2\/product"}],"about":[{"href":"https:\/\/snkrstore.shop\/jhon\/wp-json\/wp\/v2\/types\/product"}],"replies":[{"embeddable":true,"href":"https:\/\/snkrstore.shop\/jhon\/wp-json\/wp\/v2\/comments?post=53"}],"wp:featuredmedia":[{"embeddable":true,"href":"https:\/\/snkrstore.shop\/jhon\/wp-json\/wp\/v2\/media\/54"}],"wp:attachment":[{"href":"https:\/\/snkrstore.shop\/jhon\/wp-json\/wp\/v2\/media?parent=53"}],"wp:term":[{"taxonomy":"product_brand","embeddable":true,"href":"https:\/\/snkrstore.shop\/jhon\/wp-json\/wp\/v2\/product_brand?post=53"},{"taxonomy":"product_cat","embeddable":true,"href":"https:\/\/snkrstore.shop\/jhon\/wp-json\/wp\/v2\/product_cat?post=53"},{"taxonomy":"product_tag","embeddable":true,"href":"https:\/\/snkrstore.shop\/jhon\/wp-json\/wp\/v2\/product_tag?post=53"}],"curies":[{"name":"wp","href":"https:\/\/api.w.org\/{rel}","templated":true}]}}